
5
Evaluate -4 + (1 - (-2 + 3)).
-4
-7 - -13 - 11 - (-1 + 0)
-4
-6 + 2 + -10 + 8
-6
Calculate -8 + (-8 + 12 - -1).
-3
Calculate 1 + (1 + -1 - 2) + -4.
-5
What is the value of 9 - 11 - (-5 + -4)?
7
What is 2 + -3 + 1 + (-27 - -31)?
4
Calculate (-10 - -16 - -4) + -8.
2
What is the value of -5 + 0 - (33 - 34)?
-4
Evaluate (0 - 1) + 15 - (88 - 81).
7
Calculate 209 + -216 - (-1 - 0 - 5).
-1
Calculate (-1216 - -1211) + (1 + -1 - -3).
-2
What is 2 + (2 - (-2 + 11) - -3)?
-2
What is -5 + 1 - (-3 + -8 + 6)?
1
What is the value of (-15 - -14) + (9 - (-1 + 2))?
7
-1 - -3 - 0 - (79 + -81)
4
Evaluate (-7 - -1) + -2 - -4.
-4
Evaluate 2 + (8 - 4) - (6 + 1).
-1
What is the value of -1 + (-29 - -19) + -1 + 6?
-6
2 + -9 + (-1 - -8) + -1
-1
Evaluate -3 + 4 + 1 + 1.
3
5 + 8 - (6 - (5 - 2))
10
What is 4 - (7 - (5 - 5 - 2))?
-5
Calculate -1 + 0 - (-1 + 2 + -5).
3
Calculate -5 + (-2 - -5) + 14 + -7.
5
What is -12 + 15 - (1 + 0) - 0?
2
(0 - (-7 - -1)) + 182 + -182
6
Evaluate 0 + 0 + 2 - (1 - 2).
3
0 - ((3 - (-3 + 4)) + -1)
-1
(4 - 14) + -3 - -1 - -2
-10
Calculate -3 - -8 - (0 - -4).
1
Evaluate (0 - -6) + -3 + (2 - 1).
4
(0 - -3) + -6 - (1 + -1)
-3
Calculate 0 - (-4 - (-3 + 0)).
1
What is the value of 3 + -4 - -7 - 9?
-3
What is the value of -1 - (-1 + 4 + 1)?
-5
What is the value of 4 + (3 - (6 + 1))?
0
Calculate -1 - (6 + (2 - 4)) - 0.
-5
Calculate (3 - 4) + -4 + 0.
-5
Evaluate 0 - (-3 - (3 + -12)).
-6
What is 3 - -3 - (13 + -6)?
-1
Calculate 1 + (2 - (-3 + 1)) + -3.
2
8 + 1 + (6 - (2 + 13))
0
What is (-5 + 3 - -3) + -4?
-3
0 + 1 + (13 - 22) + 3
-5
(-6 - 2 - (-5 - 0)) + 9
6
Evaluate -6 - ((21 - 11) + -9).
-7
-6 + (5 + 6 - -2)
7
Calculate (-3 - -8) + (-4 + 9 - 11).
-1
What is 4 - 6 - (-4 + 7)?
-5
Evaluate 0 - 1 - (-1 + -1 - 0).
1
What is the value of -20 + 23 - (0 + 2)?
1
Calculate (4 - 1) + -3 + (1 - 3).
-2
What is the value of -6 + (5 - 6) - (6 + -10)?
-3
(0 - 3) + 3 + (2 - 1)
1
What is the value of -1 + 8 + -3 - (1 - -1)?
2
What is 14 + 0 - 1 - (264 + -257)?
6
What is 2 + 2 + (-28 - -25)?
1
Evaluate 5 - -2 - (-5 + 12 - 1).
1
1 - (6 + (0 - 3))
-2
-1 - 4 - (5 - 9)
-1
Evaluate 12 - 8 - 8 - (-11 + 1).
6
What is the value of -10 - (1 + -9 + (24 - 21))?
-5
1 + (-7 + 3 - 1) - -3
-1
Evaluate (-1 - (9 + -7 + 2)) + 0.
-5
What is (102 - 98) + (-1 - -2)?
5
What is -10 + 4 + (-4 + 3 - -5)?
-2
What is the value of -98 - -91 - (-1 - 7)?
1
What is -19 - -16 - (-1 - (-2 - -9))?
5
Calculate 4 - 2 - ((-2 - 2) + 5).
1
What is the value of -6 - (-1 + -9 + 11)?
-7
What is 13 + -12 + -2 + 3?
2
(-18 - (-2 - 2)) + 8
-6
What is 3 - (3 + -1) - (5 + -9)?
5
What is the value of 2 + -5 + -17 + 13 + 15?
8
4 + -12 + 0 + 4 + 2
-2
What is (2 - 1 - 9) + 15?
7
What is (5 - -1) + (-6 - -6) + -1?
5
Calculate (1 + 10 - 18) + 4.
-3
Calculate -2 + 3 - 7 - -8.
2
What is the value of (9 - (12 - 9)) + -7?
-1
Calculate 2 + (-5 + 1 - -6 - 9).
-5
Calculate 5 - (-3 + (4 - -2)).
2
What is the value of (7 - (-4 - -15)) + -1?
-5
What is the value of -1 - (-2 - -4 - (-18 - -18))?
-3
Evaluate (2 - -4) + -1 - (12 + -4).
-3
(16 - (20 - 8)) + (0 - 6)
-2
Calculate -8 - (-2 - 10) - 3.
1
What is the value of 6 + 3 + -3 + (1 - 2)?
5
-3 - (-3 - (-7 + 4))
-3
Evaluate -1 - 0 - (10 - (3 + 7)).
-1
0 - (0 + 4) - (-4 - 3)
3
Evaluate -3 + (-3 - 0) + 5.
-1
5 - 10 - -8 - 0 - 3
0
Evaluate -7 + (1 - 1 - -3).
-4
Evaluate -2 + 5 - (5 - 4).
2
Evaluate -3 + 0 + 8 + -6.
-1
Evaluate 3 + (5 - (2 - 1 - -2)).
5
Calculate -4 + 7 + -2 - 5 - 0.
-4
1 - (-1 + (-1 - -5))
-2
What is 1 - 3 - (-19 + 16 - -2)?
-1
-4 - (7 + -3 + -7)
-1
Evaluate -19 - -20 - (2 - 2).
1
Calculate 7 + (0 - 1) + -5.
1
Evaluate 0 + -3 + 4 - 4.
-3
(-1 - -2) + (-5 - -2) + 4
2
-2 + -1 + (-19 - -24)
2
7 - ((9 - 2) + 7)
-7
6 + -23 + 3 + 8
-6
Evaluate 2 - ((-4 - -6) + (0 - 4)).
4
What is (2 - 0) + -3 + 2 - 0?
1
What is -4 - (8 + -5 - 7)?
0
5 - ((-9 - -6) + 6)
2
What is -6 - (-8 + -5) - (5 + 0)?
2
What is 3 + -7 + 0 - -1 - -6?
3
-12 + (33 - 27) + -4 + 1
-9
Evaluate -2 - -10 - (0 + 5).
3
Calculate -8 + 8 + 2 + 2.
4
-3 - (2 - (-5 + 11) - -6)
-5
What is 0 - (4 - (0 - (-2 - -3)))?
-5
-8 + 4 - (2 - 1)
-5
What is 6 + -9 + (5 - 3)?
-1
Calculate -1 + -2 + -5 - (2 + -6).
-4
What is the value of 4 + 1 - (107 + -96)?
-6
What is 0 + (-1 - 1 - 4)?
-6
What is (5 - 3 - -3) + -1?
4
What is 0 + -3 - (3 - 5)?
-1
Calculate -1 + -15 + 7 + 7.
-2
Calculate -2 + (12 - 6) + -6.
-2
Evaluate 3 + -6 + 10 - 8.
-1
22 + -11 - (-10 + 21)
0
What is the value of (8 - 7) + (-2 - -5) - 0?
4
(1 - -3) + -1 + -8
-5
Evaluate (1 + -2 - (9 + -5)) + 8.
3
Evaluate -25 + 26 + (-1 + 0 - 6).
-6
What is 2 - (1 + -2 - -4)?
-1
Evaluate 9 + -6 + 3 - 10.
-4
What is the value of -1 + 2 + -8 + 2?
-5
Evaluate -1 - (7 - (13 + (-4 - -5))).
6
1 - 0 - (-14 - -18) - -7
4
-2 + 9 - (41 + -31)
-3
What is the value of 9 - (26 + -9) - -10?
2
What is -7 - (2 - (2 - -1))?
-6
Calculate -277 + 269 + (7 + -1 - -1).
-1
2 + -6 + (-1 - -2) + 0
-3
Evaluate -1 + -6 + (58 - 54).
-3
What is the value of -3 + (3 - 10) - (-1 - 2)?
-7
What is the value of 3 + -20 + 9 + 11?
3
What is the value of 10 + -12 + (6 - 2)?
2
What is the value of -4 - (1 + -5 + 3 + -1)?
-2
What is 1 - -4 - (76 + -61) - -6?
-4
Calculate -5 + -15 + 19 + (-2 - -6).
3
Evaluate 8 - (-6 + 8 - -11).
-5
What is -4 + (2 - -5 - -1) + -2?
2
Evaluate 8 - (6 - -5) - (-3 + 1).
-1
(0 - (-6 - -5)) + -3 + 0
-2
Evaluate 11 + -13 + (-1 - 1) - -13.
9
Evaluate 8 - (-1 + (11 - (2 + 2))).
2
Calculate 1 + 0 + -4 + -4 + 4.
-3
Calculate 5 - (-5 + 0 + 11 + -10).
9
Calculate (1 - 1) + (-33 - -37).
4
-6 + 3 + 1 - -5
3
0 + (-2 - 0 - -3) + -1
0
What is the value of 6 - (-2 - (-2 + -4))?
2
5 + (-5 - (-6 + 1))
5
What is the value of 2 - (2 + 4 + -7)?
3
Evaluate 1 + 1 - -1 - (5 + -1).
-1
What is -14 + 22 - (0 - (-5 + 2))?
5
What is -10 - (8 + -24 + 9)?
-3
Calculate -8 - (-4 + 5 + -6 + 1).
-4
What is the value of -15 - (-14 - (3 + -6))?
-4
-3 + (-4 - -1 - -4 - 2)
-4
Calculate -5 - -1 - (-12 - (-3 - -1)).
6
What is the value of (13 - 3 - 7) + (-7 - -1)?
-3
Calculate (0 + 2 - (-7 - -9)) + -1.
-1
-4 + (6 - (-12 - -6)) + -4
4
Calculate -4 + 2 + (-3 - -4).
-1
What is 1 + 3 + (-12 - (-12 - -8))?
-4
Evaluate -14 + 15 + (2 - 5).
-2
What is the value of (-6 - (-8 + 3)) + 2?
1
What is the value of ((2 - -6) + -2 - 7) + 10?
9
What is the value of -4 + (-3 + (3 - -1) - 1)?
-4
-1 + (-2 - -5) + -4 + 6
4
Evaluate (6 - (-4 - -7)) + (-3 - 2).
-2
What is 2 - (2 - -6 - 5)?
-1
Evaluate 3 + (-5 - -3) + 1 + -2.
0
-13 - (-6 - (10 + -8))
-5
Evaluate -4 - 4 - 5 - -20.
7
What is the value of -1 + (-1 - -1) - (-2 + -2)?
3
-8 - ((3 - (-5 - -5)) + -8)
-3
Evaluate -4 - ((-2 - -6) + -7 - -2).
-3
What is 7 - (12 + 2 + -1)?
-6
Evaluate -2 - 0 - (2 + -3 - -3).
-4
Calculate -2 + (-4 - (-5 + 4)).
-5
Calculate 8 + -12 - (7 - 9).
-2
-3 + 6 + -6 - (10 - 8)
-5
Evaluate -1 + 1 + 0 + -35 + 30.
-5
What is 6 + -6 + -6 - 0?
-6
Calculate (-1 - 0) + -4 + 6 + -6.
-5
What is the value of 10 - (1 + 7) - -7?
9
Calculate (2 - (10 + -1)) + 2.
-5
What is the value of -3 + 4 + 1 + 1?
3
What is 15 + (-12 - (13 - 1))?
-9
What is 1 + -1 - -6 - (-5 + 6)?
5
What is 7 + -3 + -4 - -1?
1
Evaluate (-3 - 5) + (0 + 12 - 6).
-2
42 - 34 - (-4 - -3)
9
Calculate -4 - (-1 + 3 - 3).
-3
What is the value of 1 - (-4 - -4) - 1?
0
Evaluate -6 - (-6 + (1 - 5)).
4
2 + -7 + 8 + (-4 - 1)
-2
-11 - 0 - (5 + -17)
1
2 + 2 + -8 - (-7 + 4)
-1
Evaluate (6 - 10) + (1 - -1).
-2
Calculate (-10 - -5) + 6 + 4.
5
What is -4 - (10 - (-6 - -15))?
-5
Evaluate 11 + 9 + -25 - -2.
-3
What is 15 + -8 + 4 + -1 + -4?
6
8 - (19 - 17) - (7 + -1)
0
What is -2 + 3 - -2 - 5?
-2
What is the value of -2 + (0 - (-2 - 0) - 1)?
-1
What is the value of -1 - -14 - (7 + 0) - -2?
8
What is -4 + 3 - 9 - -5?
-5
Evaluate -26 - -31 - (1 + (2 - 2)).
4
What is the value of 2 + 1 + -3 + 2 + -3?
-1
What is the value of 0 + (-2 - (0 - (-2 - -2)))?
-2
Calculate -22 + 16 - (-7 + (-7 - -3)).
5
Calculate (1 - 7) + -5 + 6.
-5
What is the value of -4 - -5 - 4 - (1 - 4)?
0
Evaluate -3 + 0 + (5 - 7 - -2).
-3
Calculate 0 - (-2 - -7) - -7.
2
What is 0 + (6 - 4 - (3 + -5))?
4
Evaluate 1 + 4 + -7 + 1.
-1
-2 - -3 - -6 - 6
1
Calculate -9 + (9 - (8 + -5)).
-3
Evaluate 10 + (-13 - -16 - 4).
9
-1 + 3 + -3 - -1
0
(-1 - 1 - (-4 + 0)) + -5
-3
Calculate -4 + -6 + 11 + 0 + -1.
0
Evaluate -2 + -3 + (5 - 3) + 1.
-2
Calculate 6 + (-22 + 9 - -9).
2
Evaluate (-1 - 